 -11*x**2 - 34*x - 10. Give w(-3).
-7
Let f(n) = n**3 - 5*n**2 + 153*n - 293. Determine f(2).
1
Let h(r) = -2*r**3 - 137*r**2 + 58*r - 378. Determine h(-69).
381
Let v(f) = -3*f**2 - 26*f + 754. Give v(12).
10
Let b(t) = -t**2 - 4*t + 72. What is b(-13)?
-45
Let o(m) = 2*m**3 + 45*m**2 - 4*m - 188. Give o(-22).
384
Let z(n) = n**2 + 216*n + 6091. Determine z(-183).
52
Let c(r) = -74*r**2 - 23*r - 17. Determine c(-2).
-267
Let a(m) = -19*m - 81. Determine a(4).
-157
Let d(b) = -b**3 - 15*b**2 - 38*b - 35. Determine d(-8).
-179
Let l(a) = -4*a**3 + 3*a**2 - 5*a - 7. Calculate l(-1).
5
Let z(c) = 3*c**2 - 90*c + 175. Calculate z(2).
7
Let q(y) = 7*y**2 - 85*y + 247. Determine q(3).
55
Let b(c) = -95*c - 8457. Give b(-89).
-2
Let y(t) = 661*t + 39676. Determine y(-60).
16
Let f(k) = -3199*k + 79967. Calculate f(25).
-8
Let x(w) = -22*w + 529. What is x(21)?
67
Let m(r) = -r**3 - 7*r**2 - 11*r - 78. Determine m(-6).
-48
Let i(u) = 11*u**2 + 20*u - 883. Calculate i(8).
-19
Let d(c) = -2*c + 37. Give d(13).
11
Let g(i) = 79*i**2 + 7*i - 4. Give g(-1).
68
Let g(s) = s**3 - 264*s**2 + 2542*s - 17. Calculate g(10).
3
Let l(h) = -2*h**3 + 13*h**2 - 43*h + 372. What is l(7)?
22
Let p(i) = -21*i**3 + 5*i**2 + i - 5. Calculate p(2).
-151
Let p(v) = -v**3 + 66*v**2 + 206*v + 114. Give p(69).
45
Let y(z) = z**3 + 17*z**2 + 95*z + 192. Calculate y(-8).
8
Let w(b) = -140*b - 34. Give w(2).
-314
Let h(x) = -x**3 - 5*x**2 - 7*x - 65. Calculate h(-5).
-30
Let v(w) = 2*w**2 - 7*w - 120. What is v(-6)?
-6
Let r(w) = w**3 + 87*w**2 + 3*w + 230. Determine r(-87).
-31
Let l(f) = -f**3 + 40*f**2 - 112*f + 6. Determine l(3).
3
Let p(k) = k**3 - 15*k**2 + 17*k - 40. Calculate p(13).
-157
Let p(s) = 20*s - 391. Determine p(20).
9
Let j(o) = o**3 - 24*o**2 - 80*o + 1350. Determine j(25).
-25
Let g(f) = -375*f - 4865. Calculate g(-13).
10
Let j(m) = -7*m**2 - 49*m - 11. What is j(-7)?
-11
Let a(v) = -2*v**3 - 26*v**2 - 26*v - 6. Give a(-12).
18
Let a(m) = -3*m**3 + 143*m**2 + 196*m - 13. Calculate a(49).
-13
Let y(c) = 210*c - 1751. What is y(7)?
-281
Let r(v) = 17*v**2 - 63*v - 143. What is r(-3)?
199
Let d(p) = 3*p**3 + 18*p**2 + 20*p + 107. Calculate d(-6).
-13
Let r(n) = 3*n**2 + 16*n + 22. What is r(-11)?
209
Let r(o) = 285*o - 3144. What is r(11)?
-9
Let z(c) = -44*c**2 + 34*c - 76. Calculate z(3).
-370
Let c(k) = k**3 - 18*k**2 + 23*k + 121. Calculate c(16).
-23
Let v(l) = 5*l**3 + 130*l**2 - 9*l - 245. What is v(-26)?
-11
Let t(p) = -1577*p - 10990. Determine t(-7).
49
Let u(m) = 79*m - 6244. Calculate u(79).
-3
Let m(n) = n**2 - 4*n + 19. What is m(13)?
136
Let t(i) = i**2 - 69*i + 1130. Calculate t(26).
12
Let h(v) = -26*v + 863. Calculate h(34).
-21
Let v(j) = 2*j**2 - 41*j - 78. What is v(21)?
-57
Let j(t) = -27*t - 723. Determine j(-28).
33
Let z(m) = -25*m**2 - 14*m + 22. Determine z(3).
-245
Let d(k) = -8*k**2 + 6*k - 45. Give d(6).
-297
Let n(p) = -23*p**2 - 169*p - 23. Calculate n(-7).
33
Let h(o) = -2*o**2 - 314*o - 7613. Calculate h(-127).
7
Let b(w) = w**2 - 5*w + 273. Give b(12).
357
Let y(l) = 4*l**2 + 23*l - 34. Give y(-10).
136
Let r(j) = -2*j**2 + 125*j - 506. What is r(58)?
16
Let j(v) = 44*v + 1282. Calculate j(-30).
-38
Let y(t) = -3*t**2 + 49*t - 50. Calculate y(22).
-424
Let p(d) = 66*d**3 + 5*d**2 - 6*d - 21. Give p(-2).
-517
Let z(f) = 13*f**2 - 10*f - 6. What is z(-1)?
17
Let c(s) = -s**3 - 2*s**2 - 20*s + 191. Give c(0).
191
Let j(a) = 3*a**2 + 17*a - 3. Determine j(-5).
-13
Let k(i) = -1166*i + 3417. Give k(3).
-81
Let u(l) = -123*l + 580. Give u(5).
-35
Let u(n) = -1875*n + 16862. What is u(9)?
-13
Let o(w) = -w**3 + 30*w**2 - 189*w - 2. Calculate o(21).
-2
Let r(x) = -48*x**3 + 48*x - 48. Determine r(1).
-48
Let c(u) = -10*u - 737. Determine c(-69).
-47
Let n(o) = o**3 + 21*o**2 + 44*o + 12. What is n(-4)?
108
Let v(o) = -o**2 + 83*o - 395. Determine v(5).
-5
Let m(p) = -5*p**2 + 664*p + 133. Calculate m(133).
0
Let o(w) = 618*w + 30904. Calculate o(-50).
4
Let r(v) = -277*v - 3670. Determine r(-14).
208
Let g(f) = 3*f**3 - 38*f**2 - 125*f + 302. Calculate g(15).
2
Let s(c) = 18*c**2 - 95*c - 220. Determine s(7).
-3
Let v(d) = -6*d - 216. Give v(-7).
-174
Let o(r) = r**2 + 47*r + 119. Determine o(-41).
-127
Let l(p) = -p**3 + 17*p**2 + 82*p + 60. Calculate l(21).
18
Let v(n) = 13*n**2 - 6*n - 12. Determine v(-2).
52
Let v(m) = -15*m**2 + 1712*m - 228. Calculate v(114).
0
Let c(w) = -12*w + 154. Give c(12).
10
Let a(r) = r**3 + 19*r**2 + 74*r + 213. Give a(-15).
3
Let d(m) = 567*m - 8509. Give d(15).
-4
Let r(a) = a**2 - 72*a + 1017. Calculate r(52).
-23
Let s(b) = -508*b + 7658. Calculate s(15).
38
Let b(r) = -2*r**2 + 3*r - 56. Determine b(-13).
-433
Let c(l) = -l**3 + 14*l**2 - 50*l + 46. Calculate c(9).
1
Let w(k) = 486*k - 8737. Give w(18).
11
Let h(s) = 2*s**2 - 145*s - 7252. Determine h(-34).
-10
Let p(n) = -n**2 + 21*n - 44. What is p(17)?
24
Let r(m) = 3895*m - 58398. Give r(15).
27
Let d(y) = -9*y + 109. Calculate d(34).
-197
Let k(s) = -7*s**2 + 70*s - 300. Determine k(5).
-125
Let b(y) = 8*y**3 + 81*y**2 - 83*y. Determine b(1).
6
Let y(k) = 143*k + 45. What is y(-1)?
-98
Let w(y) = 144*y + 721. What is w(-5)?
1
Let r(c) = 178*c - 1419. What is r(8)?
5
Let o(c) = -c**3 + 14*c**2 - 4*c - 33. Calculate o(10).
327
Let x(w) = w**3 - 39*w**2 - 51*w + 338. Calculate x(40).
-102
Let q(h) = h**2 - 151*h - 6747. Calculate q(-36).
-15
Let b(v) = v**2 + 3*v - 51. Give b(8).
37
Let g(k) = 3*k**3 + 4*k**2 + 14*k + 24. What is g(-2)?
-12
Let f(m) = -m**2 - 39*m + 1104. What is f(19)?
2
Let s(z) = 16*z + 111. Determine s(-3).
63
Let h(d) = -d**2 - d + 425. What is h(-21)?
5
Let y(d) = 4*d**2 + 161*d + 866. Give y(-34).
16
Let f(a) = 2*a**3 - 3*a**2 - 16*a + 30. What is f(2)?
2
Let g(q) = -1022*q - 75635. What is g(-74)?
-7
Let l(p) = 66*p - 2441. What is l(37)?
1
Let p(l) = 45283*l - 45282. Calculate p(1).
1
Let h(s) = -3*s**2 + 135*s + 2043. Give h(57).
-9
Let m(w) = -w**3 - 11*w**2 + 123*w + 1265. Give m(-10).
-65
Let b(g) = 807*g - 3210. Calculate b(4).
18
Let d(z) = -53*z**2 + 1434*z - 21. Calculate d(27).
60
Let n(l) = 2*l**3 - 31*l**2 - 53*l + 60. What is n(17)?
26
Let n(v) = 59*v - 69. Calculate n(3).
108
Let y(o) = o**2 - 18*o - 14. What is y(17)?
-31
Let y(o) = 5*o**2 - 163*o + 469. What is y(3)?
25
Let o(c) = -6*c**3 - 4*c**2 + 9*c + 5. Determine o(-3).
104
Let a(u) = 3*u - 242. Determine a(-25).
-317
Let h(d) = d**3 + 81*d**2 + 201*d + 3401. Give h(-79).
4
Let m(s) = -s**3 - 65*s**2 + 71*s + 282. Give m(-66).
-48
Let b(g) = 2*g**3 + 33*g**2 - 24*g - 54. Calculate b(-17).
65
Let d(h) = -682*h + 2079. What is d(3)?
33
Let k(j) = -2*j**2 + 29*j - 146. Calculate k(0).
-146
Let k(o) = -2*o**3 - 151*o**2 - 56*o + 1438. What is k(-75)?
13
Let o(v) = -3*v**3 - 70*v**2 + 96*v + 1145. Calculate o(-24).
-7
Let h(c) = -c**3 + 92*c**2 - 1974*c + 70. Give h(34).
2
Let h(y) = -y**2 - 7*y + 36. Give h(-11).
-8
Let a(g) = -g**2 + 23*g + 471. Calculate a(-13).
3
Let t(i) = i**2 + 114*i - 1351. Calculate t(11).
24
Let w(r) = r**3 + 17*r**2 - 39*r + 19. Calculate w(-19).
38
Let m(a) = a**3 - 34*a**2 - 288*a - 1. Determine m(41).
-42
Let t(c) = 2097*c + 27252. What is t(-13)?
-9
Let x(m) = 17*m**2 - 225*m + 17. Determine x(13).
-35
Let u(l) = 4*l**3 - 126*l**2 - 64*l + 7. Determine u(32).
7
Let x(n) = 3*n**2 - 102*n + 69. Give x(26).
-555
Let y(k) = 40*k - 519. Give y(6).
-279
Let u(a) = -a**2 + 44*a + 205. Calculate u(-6).
-95
Let y(r) = -3*r**2 + 15*r + 42. Give y(13).
-270
Let n(k) = -k**3 + 79*k**2 - 224*k - 180. What is n(76)?
124
Let r(y) = -y**2 + 34*y - 30. What is r(23)?
223
Let r(a) = 2*a**3 - 13*a**2 - 2*a + 16. What is r(7)?
51
Let z(k) = -k**2 + 166*k + 647. Determine z(-4).
-33
Let q(d) = -d**3 - 23*d**2 + 16*d - 51. Give q(-24).
141
Let z(g) = -93*g - 194. What is z(-2)?
-8
Let m(w) = w**3 - 41*w**2 - 41*w + 19. Calculate m(42).
61
Let l(z) = 139*z - 9165. Determine l(66).
9
Let a(t) = -7*t + 47. Determine a(-20).
187
Let z(o) = -285*o + 1162. Determine z(4).
22
Let k(c) = -25*c + 101. Calculate k(14).
-249
Let x(c) = c**3 - 122*c**2 - 252*c + 495. What is x(124)?
-1
Let o(s) = s**2 + 6*s + 76. Give o(-15).
211
Let z(a) = -a**3 + 45*a**2 - 164*a + 6. Determine z(41).
6
Let k(x) = x**2 - 10. Calculate k(-5).
15
Let q(k) = 47*k - 137. 